8).
-30
Let o(h) = 2*h**2 + 510*h - 20958. Give o(-291).
-6
Let b(t) = 134*t**2 - 473*t - 1011. Determine b(5).
-26
Let d(k) = 502*k + 15893. Determine d(-31).
331
Let b(k) = 2*k**3 + 17*k**2 + 28*k + 52. Calculate b(-2).
48
Let u(m) = -25*m**2 - 1623*m + 9787. What is u(6)?
-851
Let s(o) = o**3 + o**2 + 587*o + 170. Give s(0).
170
Let n(j) = j**3 + 48*j**2 + 840*j + 10390. Give n(-32).
-106
Let j(l) = 279*l + 6677. Determine j(-24).
-19
Let g(w) = w**3 - 12*w**2 + 10*w - 195. Give g(13).
104
Let p(z) = -z**3 + z**2 + 26*z + 15. Give p(-4).
-9
Let y(f) = -410*f + 5646. Determine y(18).
-1734
Let n(u) = 174*u**3 - 679*u**2 - 57*u - 2. Calculate n(4).
42
Let k(v) = -51*v**2 - 16*v + 65. Calculate k(0).
65
Let t(r) = 3*r**2 - 98*r + 1779. Determine t(22).
1075
Let o(t) = 4*t**3 - 5900*t**2 + 41142*t - 264. Give o(7).
2
Let n(o) = 2*o**2 + 129*o - 3808. Calculate n(21).
-217
Let h(b) = 49*b**2 - 820*b + 2488. Give h(3).
469
Let s(w) = 64*w**2 - 2758*w - 8. Determine s(43).
-266
Let s(y) = -124156*y + 372471. Give s(3).
3
Let f(v) = -2126*v + 850396. Calculate f(400).
-4
Let k(x) = 2*x**3 + 28*x**2 - 104*x - 109. Calculate k(-17).
-75
Let y(g) = 2*g**2 + 1452*g - 14736. Give y(10).
-16
Let n(v) = 21*v**2 - 33*v - 148. Calculate n(9).
1256
Let c(g) = -4*g**3 + 5725*g**2 + 4120*g + 252031. Calculate c(1432).
-1
Let y(h) = h**3 - 165*h**2 - 12092*h - 1714. Give y(220).
46
Let c(j) = -67*j**3 - 12*j**2 + 11*j + 66. Calculate c(-2).
532
Let g(s) = -s**3 + 90*s**2 - 252*s + 14537. Calculate g(89).
30
Let d(t) = -19*t**2 - 1107*t - 223. Calculate d(-58).
67
Let n(i) = 1512*i + 12864. Give n(-8).
768
Let k(n) = -n**2 + 532*n + 16268. Give k(-29).
-1
Let h(b) = -b**3 + 192*b**2 - 167*b - 3979. Calculate h(191).
605
Let u(z) = -3*z**2 - 71*z + 779. What is u(-27)?
509
Let z(w) = -w**3 + 34*w**2 + 36*w + 53. Determine z(36).
-1243
Let z(k) = -6*k**3 - 28*k - 188. What is z(-6)?
1276
Let l(s) = -4090*s - 53056. Determine l(-13).
114
Let p(t) = -4*t**2 + 432*t + 9661. Calculate p(-19).
9
Let j(z) = -4*z**3 + 12*z**2 + 1091*z - 6667. Calculate j(6).
-553
Let v(c) = -250*c**2 - 4501*c + 15. Determine v(-18).
33
Let h(y) = 381*y**2 - 84200*y - 418. Give h(221).
-197
Let z(k) = 12196*k - 2585546. Give z(212).
6
Let k(t) = t**2 + 1523*t + 579880. Give k(-763).
0
Let c(f) = 42*f**3 + 23*f**2 - 91*f + 92. Calculate c(2).
338
Let q(s) = -s**3 + 22*s**2 - 9*s - 1347. What is q(13)?
57
Let k(q) = -49*q**2 - 5807*q + 2868. Give k(-119).
12
Let o(f) = f**3 - 320*f**2 + 1262*f + 632. Calculate o(316).
0
Let w(z) = 17*z**3 - 15*z**2 + 59*z + 90. Calculate w(-1).
-1
Let w(l) = -878*l**2 - 65*l + 25. What is w(1)?
-918
Let i(c) = 44*c**2 + 651*c + 1961. What is i(-3)?
404
Let f(r) = r**3 - 98*r**2 + 4*r - 10263. Give f(99).
-66
Let n(b) = b**3 + 97*b**2 + 1142*b - 4218. Determine n(-83).
-2558
Let a(v) = 1572*v**2 - 12588*v + 20. Calculate a(8).
-76
Let f(t) = 24*t**3 - 44*t**2 + 27*t - 11. Give f(1).
-4
Let r(v) = v**3 + 7*v**2 + 55*v + 500. Calculate r(-8).
-4
Let f(l) = 7*l**3 + 62*l**2 - 15*l + 14. What is f(-6)?
824
Let w(a) = -149*a + 42575. Determine w(286).
-39
Let m(u) = -2*u**3 - 623*u + 3769. Calculate m(6).
-401
Let w(m) = 6*m**3 + 118*m**2 + 58*m + 43. What is w(-19)?
385
Let a(c) = -8146*c**2 + 187283*c + 1721. Determine a(23).
-4
Let u(x) = 35198*x + 1126270. Give u(-32).
-66
Let d(w) = -16*w**3 - 2*w**2 + 349*w - 355. What is d(4)?
-15
Let n(s) = 3*s**3 - 113*s**2 - 43*s + 108. What is n(38)?
-82
Let i(m) = 33778*m + 101607. What is i(-3)?
273
Let k(t) = 536*t - 54309. Determine k(105).
1971
Let u(c) = c**2 - 1987*c + 37235. Calculate u(19).
-157
Let c(r) = 11*r**2 + 768*r + 13355. Determine c(-33).
-10
Let r(o) = 218007*o + 3270115. What is r(-15)?
10
Let i(t) = t**2 - 288034*t + 576058. Determine i(2).
-6
Let l(w) = -1062*w - 49879. Determine l(-47).
35
Let y(g) = -217*g - 5346. What is y(-25)?
79
Let z(i) = 858*i + 24837. Determine z(-29).
-45
Let s(v) = v**3 - 124*v**2 + 3481*v - 150. Calculate s(43).
-236
Let q(c) = -151*c**2 + 10867*c + 299. Give q(72).
-61
Let n(m) = -17959*m + 107631. Calculate n(6).
-123
Let w(g) = 1071*g + 62888. Give w(-59).
-301
Let s(q) = -36*q**2 - 8138*q - 148730. Calculate s(-206).
2
Let v(i) = 2*i**3 + 150*i**2 + 1765*i + 135. Determine v(-14).
-663
Let k(m) = 50*m**2 + 1349*m - 21. Determine k(-27).
6
Let j(l) = 22*l**2 + 842*l + 1056. Determine j(-37).
20
Let v(r) = -r**2 - 1255*r + 3778. Give v(3).
4
Let y(h) = 3*h**2 + 45*h + 13. Calculate y(-2).
-65
Let d(b) = -51*b**2 + 12041*b - 1264. Calculate d(236).
-84
Let t(u) = 6*u**2 - 8*u - 17. What is t(-5)?
173
Let d(m) = 2*m**3 + 198*m**2 + 588*m + 1317. Calculate d(-96).
165
Let s(j) = -2*j**2 - 861*j + 18026. Give s(20).
6
Let h(p) = -130*p**2 - 49*p - 40. What is h(-1)?
-121
Let o(k) = 235*k**3 - 10*k**2 + k + 4. Determine o(-1).
-242
Let t(c) = -191*c**2 - 1106*c. What is t(-7)?
-1617
Let a(k) = k**3 + 1863*k**2 + 48*k - 25. What is a(0)?
-25
Let r(s) = -3*s**3 + 9*s**2 - 3*s + 459. Give r(0).
459
Let o(v) = -408065*v + 816126. What is o(2)?
-4
Let p(v) = -1279*v + 153498. What is p(120)?
18
Let a(d) = -889*d - 11507. What is a(-13)?
50
Let b(r) = -1552*r - 27919. Give b(-18).
17
Let z(a) = -63*a**3 - 12*a**2 + 10*a - 4. Calculate z(2).
-536
Let g(j) = -2603399*j - 26033999. What is g(-10)?
-9
Let y(l) = 27*l**2 - 220*l + 65. Give y(9).
272
Let w(u) = u**2 + 204*u + 9443. Determine w(-70).
63
Let d(b) = 45269*b - 633915. Determine d(14).
-149
Let f(l) = 2*l**3 - 20*l**2 + 55*l - 499. Determine f(11).
348
Let m(x) = -3109*x - 118156. Calculate m(-38).
-14
Let f(i) = -i**3 + 354*i**2 + 339*i + 5648. What is f(355)?
-32
Let k(c) = -944*c - 8304. Determine k(-8).
-752
Let c(y) = 1762*y**2 + 262541*y + 448. What is c(-149)?
1
Let h(n) = -14*n**3 - 3*n**2 + 98*n - 178. Calculate h(2).
-106
Let z(g) = 3955*g + 4000. What is z(-1)?
45
Let m(q) = q**3 - 4*q**2 + 12*q - 491. Calculate m(0).
-491
Let l(t) = 96*t + 7154. What is l(-75)?
-46
Let r(q) = -9192*q - 432034. Determine r(-47).
-10
Let o(h) = 107*h + 66333. What is o(-620)?
-7
Let a(j) = -3*j**2 + 1155*j + 18002. Give a(-15).
2
Let y(x) = -8*x**2 + 7*x - 121. Give y(9).
-706
Let f(w) = -4*w**3 - 81*w**2 + 4*w - 125. Determine f(-21).
1114
Let d(w) = 6*w**2 - 4591*w + 174701. Give d(725).
-24
Let r(c) = 60*c**2 - 586*c + 20. Give r(11).
834
Let z(s) = -s**3 - 139*s**2 + 1652*s - 24015. Give z(-151).
145
Let s(d) = -2*d**3 + 103*d**2 - 1065*d - 5663. Give s(23).
-5
Let f(j) = -67*j - 29985. Determine f(-446).
-103
Let b(d) = -43*d**2 + 17623*d + 140970. What is b(-8)?
-2766
Let u(r) = r**2 + 9694*r + 87167. Calculate u(-9).
2
Let x(y) = 88*y**3 + 8*y**2 - 30*y - 3. Determine x(3).
2355
Let c(i) = -50941*i - 101875. Give c(-2).
7
Let d(o) = 164603*o + 493794. What is d(-3)?
-15
Let o(g) = 17*g**2 + 174*g + 151. What is o(-10)?
111
Let t(k) = -58*k**3 + 55*k**2 - 92*k + 88. Give t(1).
-7
Let x(m) = -1046*m + 26562. Calculate x(25).
412
Let g(n) = -2*n**3 - 196*n**2 + 4980*n + 399. Give g(21).
21
Let l(q) = -7*q**2 - 1687*q + 6158. Calculate l(-244).
1034
Let l(s) = s**3 + 124*s**2 - 20*s + 31. What is l(-124)?
2511
Let a(n) = -n**2 + 11096*n + 55513. Determine a(-5).
8
Let r(p) = 3*p**2 - 313*p + 2616. What is r(9)?
42
Let h(y) = -8*y**3 - 7*y**2 + 28*y + 35. Determine h(-2).
15
Let p(z) = -2*z**2 - 90*z - 948. Calculate p(-28).
4
Let w(t) = 56263*t - 1068953. What is w(19)?
44
Let r(v) = 2*v**3 + 26*v**2 + 3169*v + 34375. Calculate r(-11).
0
Let l(z) = -6*z**2 + 1293*z + 2035. Determine l(217).
82
Let k(y) = 8*y**3 - 6*y**2 + 26*y - 51. Determine k(2).
41
Let b(o) = -391*o - 2316. Give b(-9).
1203
Let k(n) = -25*n**2 + 623*n - 1602. Determine k(23).
-498
Let m(j) = 74*j**3 + 9*j**2 - 140*j + 282. Calculate m(2).
630
Let y(z) = -262*z**2 + 6019*z + 14. Calculate y(23).
-147
Let w(b) = 371*b - 15949. Calculate w(43).
4
Let t(j) = -1256*j + 77977. Calculate t(62).
105
Let f(r) = 6*r**3 - 116*r**2 - 865*r + 4641. Calculate f(24).
9
Let z(l) = -l**3 + 37*l**2 - 3359*l - 42755. Calculate z(-11).
2
Let z(v) = -148061*v + 740427. Calculate z(5).
122
Let u(j) = -68*j**2 - 583*j + 1760. Calculate u(3).
-601
Let s(o) = 3130*o + 68862. Calculate s(-22).
2
Let w(y) = 558*y - 11218. Calculate w(19).
-616
Let n(c) = c**3 + 271*c**2 + 14*c